s the tens digit of x(m)?
6
Suppose 3*a - 2682 = d - 845, -609 = -a + 2*d. What is the units digit of a?
3
Suppose -7 + 37 = 5*n. Suppose -68 = 4*h - n*h. What is the tens digit of h?
3
Suppose 0 = 4*q + 16, -3*h - 552 = -8*h + 3*q. What is the tens digit of h?
0
Let w be (1 + -1)*(-1)/2. Suppose j - 4 = w, 4*a + 7*j - 296 = 2*j. What is the units digit of a?
9
Let m = 55 - 45. Suppose m = 3*j - 20. What is the units digit of j?
0
Let j = 36 + -31. Suppose 4*w + 25 = j*w. What is the units digit of w?
5
Let i(m) = 3*m**2 - 20*m + 7. Let n be i(8). Let u be (9 - 10)*(n - 1). Let p = u + 77. What is the tens digit of p?
3
Let r = -130 + 251. Let w = r + -75. Suppose -g + 36 = 4*l, 0 = 5*l + g - 0*g - w. What is the units digit of l?
0
Let o(w) = -w**3 + 5*w**2 - 5*w - 3. Let y be o(3). Suppose -4*b = -2*t - 314, y = 2*b + 3*b + 4*t - 399. What is the units digit of b?
9
Suppose 0 = -i + 4*o - 38, 3 = o - 4*o. Let m = 43 - i. What is the units digit of m?
5
Suppose 0 = -10*m + 35 + 4875. What is the hundreds digit of m?
4
Let k be 15*(-6)/45*3. What is the tens digit of ((-4)/k)/(10/615)?
4
Suppose 3*l = 4*q - 2 - 5, -2*q + 5 = -l. What is the hundreds digit of 405/q + (-7)/28?
1
Suppose 79*t + 528 = 83*t. What is the hundreds digit of t?
1
Let h(z) be the first derivative of 3*z**2/2 - 10*z + 8. Let x(s) = -8*s - 1. Let k be x(-1). What is the units digit of h(k)?
1
Let d = 1079 - 227. What is the hundreds digit of d?
8
Let l = -19 - -13. Let h(v) = -2*v**2 - 3*v + 6. Let s be h(l). Let r = s + 67. What is the units digit of r?
9
Let j(k) = 96*k + 72. What is the units digit of j(6)?
8
Suppose -4*c - 14*q + 19*q = -1541, -3*c - 5*q = -1182. What is the hundreds digit of c?
3
Suppose 40519 = 34*h + 1963. What is the thousands digit of h?
1
Suppose -4*u - 4 = -3*j, -4*u = -6*j + j + 12. Suppose 2*o = 7*o - q - 320, -2*o + j*q = -110. What is the tens digit of o?
6
Let r(s) = -s + 3. Let j be r(-1). Suppose -5*k + j*k + 56 = 0. What is the tens digit of k?
5
Let z = -396 + 621. Let g = -127 + z. What is the units digit of g?
8
Suppose -9*i + 8989 = -3647. What is the thousands digit of i?
1
Let i(v) be the third derivative of v**4/12 + 5*v**3/3 - 16*v**2. What is the units digit of i(7)?
4
Let c be 2 + -1 - 3/(-1). Suppose 2*d - 6*d + 31 = y, c*y = -2*d + 152. What is the tens digit of y?
3
Let h = -55 - -66. Suppose -8*v + h*v - 252 = 0. What is the tens digit of v?
8
Suppose 2*x = -3*x + 30. Let p be (x + -3)*28/3. Let h = 76 - p. What is the tens digit of h?
4
What is the units digit of ((-658)/(-6) - 17/102)*6?
7
Let k(b) = -b**2 + 5*b + 3. Let m(u) = u**2 + 6*u + 4. Let y(t) = -2*t**2 + t. Let j be y(2). Let d be m(j). What is the units digit of k(d)?
7
Suppose 3*p - 503 = -4*c, -16 = -2*c - 6. What is the units digit of p?
1
Let h be 3 - (8/6)/((-4)/(-6)). What is the units digit of 28*h - (3 - 0)?
5
What is the tens digit of 258*(-5 + 7 + 1)?
7
What is the units digit of (-2077)/(-62) - (-2)/12*-3?
3
Let a(u) = u**2 - 4*u + 4. What is the tens digit of a(-2)?
1
Let y = -133 + 164. What is the tens digit of y?
3
Suppose -3*n = -4*w - 975, 5*w = -49 + 34. What is the tens digit of n?
2
Let z(n) = -1 - n - 1 - 4 - 8. Let p be z(-11). What is the units digit of (-4 - -2) + p + 34?
9
Suppose 2*i - 3310 = -4*z, 2*z + 4*i = 1672 - 14. What is the tens digit of z?
2
Let h(v) = -v**3 - 17*v**2 + 10*v + 37. Let o be h(-16). Let x = -184 - o. What is the hundreds digit of x?
1
Suppose 3*s + 12 = 4*o - 28, -4*o - s + 24 = 0. Let q(p) = p - p + 0*p**3 + p**3 + 5 + o*p + 6*p**2. What is the units digit of q(-4)?
9
Let f = 259 - 16. What is the tens digit of f?
4
Let s(n) = -n**3 - 4*n**2 - 2*n - 9. Suppose 0 = q - 3*i + 13, -4*i = 3*q - 3*i + 9. Let y be s(q). What is the tens digit of (-348)/(-6) + 1 + y?
5
Let f = 6784 + -3565. What is the tens digit of f?
1
Let t be (-5)/(-4)*(-16)/(-4). Suppose t*a + 213 = 568. What is the tens digit of a?
7
Suppose -u = -4*u + 15. Suppose 0 = u*d - 2*d - 330. Suppose -f - d = -2*j, -j + 49 = 2*f - 4*f. What is the units digit of j?
7
Let h(k) be the second derivative of -k**5/20 - k**4/4 + k**3/3 + 2*k**2 + 7*k. What is the units digit of h(-4)?
2
Suppose 1276 = 7*b - 6*b + m, 0 = -2*b + 3*m + 2537. What is the units digit of b?
3
Suppose 23*p - 24*p = -234. Let q = p + -143. What is the units digit of q?
1
Let f = 467 - 307. What is the hundreds digit of f?
1
Let f(h) = -4*h**3 - 3*h**2 - 19*h - 169. What is the thousands digit of f(-9)?
2
Let o = 10855 - 7165. What is the thousands digit of o?
3
Let m(s) = -s**3 + 18*s**2 - 15*s - 17. Let u be m(17). Suppose -123 = -u*o + 14*o. What is the tens digit of o?
4
What is the hundreds digit of ((-4)/(-3))/(-9 + (-854667)/(-94959))?
5
Let a(s) = -s - 7. Let n be a(-9). Let j(w) = w + 1. Let t be j(n). Suppose i - t*i = -58. What is the tens digit of i?
2
Suppose -3*t = -2*l - 5*t + 226, l = 3*t + 93. What is the units digit of l?
8
Let z = 104 - -21. Suppose 40 = -3*v - z. What is the tens digit of (-1034)/v + 2/10?
1
Suppose 12 = 2*j + 4*v, 2*j + 5*v - 18 = -j. Suppose -j*c + 363 = -273. What is the units digit of c?
6
Let i(p) be the first derivative of p**4/12 + 4*p**3/3 - p**2/2 + 7*p - 3. Let q(m) be the first derivative of i(m). What is the units digit of q(-9)?
8
Suppose -17 = -3*h - 2. Suppose 5*c = 25, h*i = -3*c + 6*c + 150. What is the tens digit of i?
3
Let m be 23/7 + (-14)/49. Suppose m*t - 4 + 1 = 0. What is the units digit of t?
1
Suppose r = 2*g - 5*g + 1, 0 = -5*r + 5*g - 15. Let a be 3/3 - (-4 + 2). What is the units digit of 18 - a/(r + 3)?
5
Suppose 3165 = 10*n - 7005. What is the tens digit of n?
1
Let z(f) = 4*f**2 - 6*f + 3. Let p be z(4). Suppose -68*u + 74*u - 534 = 0. Let v = u - p. What is the tens digit of v?
4
Let f(o) = -1138*o - 730. What is the hundreds digit of f(-5)?
9
Let v = 1 + -3. Let g be v*(-2 - -1) - -1. Suppose -g*z - 4*b + 16 = 0, z - 12 = -0*z + 2*b. What is the units digit of z?
8
Let k(v) = 3*v**2 + 19. Let s(u) = -4*u**2 - 18. Let g(q) = -5*k(q) - 4*s(q). What is the tens digit of g(-10)?
7
Let x be (-2)/6 - (-1442)/6 - 1. Suppose -577 = -6*b + x. What is the hundreds digit of b?
1
Let k be 1*34 - 4/(-4). Suppose i + k = -40. Let q = 148 + i. What is the units digit of q?
3
Let z(i) = 4 - 8*i - 21 - 8*i + 10*i. What is the units digit of z(-7)?
5
Let s(o) = o**3 + 23*o**2 + 30*o + 135. What is the units digit of s(-16)?
7
Suppose 4*n = -3*r + 11620, -14*n = -3*r - 9*n + 11584. What is the thousands digit of r?
3
Let q(c) = -c**3 - 5*c**2 - 2*c + 6. Let f be q(-5). Let u = f + -3. Let t(o) = o**3 - 14*o**2 + 13*o + 5. What is the units digit of t(u)?
5
Suppose c + 0*c = 4*d - 46, 5*d - 49 = -3*c. Let u = d - -8. What is the units digit of u?
9
Let u be (-3 - 0)*190/(-6). Let k = 838 - 889. Let y = u + k. What is the tens digit of y?
4
Let j(p) = p**3 + 9*p**2 + 11*p + 6. Let d(f) = -f**3 + 10*f**2 - 8*f - 15. Let l be d(9). What is the tens digit of j(l)?
4
Let n = 243 + -39. Suppose 0 = 6*o - 7*o + n. What is the hundreds digit of o?
2
Let k(g) = -12*g + 216. What is the units digit of k(-6)?
8
Let z(l) = l**2 + 2*l + 30. What is the units digit of z(14)?
4
Let d = 1750 - 684. Suppose -5*n + 18*n = d. What is the tens digit of n?
8
Suppose 3*o - 6*o = -3*g, 0 = 3*g + 4*o. Suppose g*c - 12 = 4*c, u - 3 = 2*c. Let j(x) = -2*x**3 - 2*x**2 + 3*x + 5. What is the units digit of j(u)?
2
Suppose 5*u + 2*n - n - 247 = 0, 4*u + 5*n = 185. Let p = u - -15. What is the tens digit of p?
6
Let d(w) = -w**3 + w**2 + w + 3. Let a be d(0). Suppose -i = -0*i + a. Let y(v) = -9*v - 3. What is the tens digit of y(i)?
2
Suppose -2*f + 3 + 10 = d, 9 = 3*f. Let s = 27 - d. What is the tens digit of s?
2
Suppose 0 = -4*u + 5*y - 6862 + 18685, -2*u + 2*y = -5912. What is the units digit of u?
7
Let d(n) be the first derivative of n**5/120 + 3*n**4/4 + 5*n**3/3 + 6. Let o(b) be the third derivative of d(b). What is the tens digit of o(-6)?
1
What is the hundreds digit of ((-6)/(-1))/((-6)/(-128))?
1
Let b = -336 + 377. What is the units digit of b?
1
What is the tens digit of (-1 + 2703/(-85))*(-65)/2?
6
Suppose k - 39 = 3*t, 2*t - 20 = 6*t. Suppose 2*q = 56 + k. What is the units digit of q?
0
Suppose -2*k + 62 = 4*n, 2*n - 29 = -2*k - k. What